) + -1. Let t be p(h). Calculate the greatest common factor of t and 60.
12
Suppose -x = -0*x - 5. Let p be (30/(-7))/(x/(-70)). What is the highest common factor of 24 and p?
12
Let x be ((-68)/(-16))/(2/8). Suppose -5*n = -n - 544. What is the highest common divisor of n and x?
17
Let x be (-6)/10 + (-473)/(-55). What is the greatest common factor of 4 and x?
4
Let s = 200 - -76. Let x = s + -195. What is the highest common factor of 9 and x?
9
Let x = 52 + -36. Let p be (15 - 2) + 2 + 0. Suppose n - 65 = p. What is the greatest common factor of n and x?
16
Suppose 5*d - c = 165, -d + 54 = 4*c - 0*c. Suppose x + d = 2*x. What is the greatest common factor of 17 and x?
17
Suppose -p + 28 = 2*z - 3*p, 0 = -3*z - 3*p + 72. Suppose -3 - z = -2*u. What is the highest common divisor of u and 1?
1
Let b(a) = 14*a**2 - 15*a**3 - 27*a**3 + 1 - 15*a**2 + a**3 - a. Let z be b(-1). Calculate the greatest common factor of z and 14.
14
Let j = -69 + 139. Suppose -11 = z - 21. What is the greatest common factor of j and z?
10
Let b be 33*(2 + 1)/3. Calculate the highest common divisor of b and 3.
3
Let d be -1 - -3 - (-190)/5. Let x = -20 + d. Calculate the highest common factor of 30 and x.
10
Let o = 31 - 9. What is the greatest common divisor of o and 55?
11
Let r = -29 + 68. Suppose -2*c - 2*c - 13 = -d, -2*d + 4*c + 26 = 0. Calculate the highest common divisor of d and r.
13
Suppose -2*j = -0*j + 10. Let g = j - -12. Calculate the greatest common factor of 7 and g.
7
Let v(n) = -2*n - 17. Let m be v(-11). Calculate the highest common divisor of 40 and m.
5
Suppose -5*i - 4*q + 385 = 0, -3*i = -4*q - 52 - 179. Let g(o) = -2*o + 1. Let v be g(-3). What is the greatest common divisor of i and v?
7
Suppose -2*v - 3*y + 3 = -2, 5*y - 3 = -2*v. Let t be -4*(12/v)/(-3). What is the greatest common factor of 6 and t?
2
Suppose -6 - 10 = -4*t. Suppose i - 7 - t = 0. Calculate the greatest common factor of i and 22.
11
Let p be (10 - 11)*19*-1. Calculate the greatest common divisor of 19 and p.
19
Suppose -5*m + 199 + 631 = 0. Suppose 198 = 20*s - 23*s. Let h = m + s. What is the greatest common divisor of h and 40?
20
Let p be (-2)/3 + (-101)/(-3). Suppose -7*w + 4*c + 4 = -3*w, 0 = -3*w - 3*c + p. Suppose -w = -y - 1. What is the greatest common factor of y and 1?
1
Suppose -2*q + 57 = q. Suppose -16 = -t - 2*r, -2*t - 5*r = -3*t - q. Let p = t - -2. What is the highest common factor of p and 1?
1
Let f = 164 - 49. Suppose 3 = 3*a - 135. Calculate the greatest common factor of a and f.
23
Let t be 1 + (-4 + 14 - 3). What is the greatest common divisor of 32 and t?
8
Let r(z) = -z - 6. Let t be r(-8). Suppose -g = t*g - 162. Suppose i = d - g, -d - 218 = -5*d + 3*i. What is the greatest common divisor of d and 8?
8
Suppose -6*d + 3*d - 4*l = 72, -d - 24 = 5*l. Let n = 65 - 17. Let c = n + d. Calculate the highest common divisor of c and 8.
8
Let j(n) = n + 13. Let g be j(-10). Calculate the highest common divisor of g and 24.
3
Let k(d) = -d**3 - 22*d**2 + 20*d - 30. Let w be k(-23). What is the greatest common factor of w and 13?
13
Suppose -d - 2 = 0, -3*k - d + 14 = d. What is the highest common divisor of 54 and k?
6
Suppose -4*p - 2*w = -722, -47 - 309 = -2*p + 4*w. Suppose -d = 5*b - p, -4*b + d + 144 = -d. What is the greatest common factor of b and 24?
12
Let p be 23/6 - 5/(-30). Suppose -4*f - 3*m + 5 = 0, -f - p*f + 11 = -m. What is the highest common divisor of f and 18?
2
Let l be 4/(-10) - (47/(-5))/1. Let r be (3/(-2))/((-2)/24). What is the highest common factor of r and l?
9
Let z = 10 + -6. Suppose 0 = -z*k - k + 400. Let q be (-4)/18 - (-292)/18. What is the greatest common factor of q and k?
16
Let f be 2/3*36/8. Let o = 6 - f. Suppose s - 4*d = -2*d + 108, o*s - 3*d = 312. Calculate the highest common factor of s and 20.
20
Let p = -33 - -11. Let c = 16 - 20. Let n = c - p. What is the highest common divisor of n and 144?
18
Let u be 2*(1 + 3/(-6)). Suppose -w + 2*y + u = 0, 0*w - w + 16 = y. What is the highest common divisor of w and 99?
11
Suppose 8 = -2*s - 0. Let r be 5/10 + (-30)/s. What is the greatest common factor of 16 and r?
8
Let j(x) = x**3 - x**2 + 24. Let h be j(0). What is the highest common factor of 3 and h?
3
Let z(d) = -129*d - 2. Let i be z(-2). Suppose 5*q - 4*s = s + 430, 5*s = 3*q - i. Let f be 1/(-2) + q/6. Calculate the greatest common factor of f and 98.
14
Suppose 0*n = -n + 33. Let m be (-2 - -5)*(2 - 3). Let g(a) = -a**3 - a**2 + a - 4. Let h be g(m). What is the greatest common divisor of n and h?
11
Let d = -72 - -120. Let i(c) = 2*c - 8. Let g be i(5). Let a be (g/6)/(5/180). Calculate the greatest common divisor of a and d.
12
Let b(c) = -17*c + 36. Let m be b(-4). What is the greatest common factor of 39 and m?
13
Suppose 5*y = -0*y. Suppose y = 4*a, 3*v + 3*a + 2*a - 3 = 0. What is the highest common divisor of 7 and v?
1
Let a(b) = -b. Let h be a(0). Let m be 3 + (h - -2 - 0). Calculate the greatest common divisor of m and 55.
5
Let y be 8/(-68) + (-378)/(-34). Let g = -58 - -113. What is the greatest common divisor of y and g?
11
Let n(h) = h**3 + 6*h**2 + 6*h. Let p be n(-4). Let v(f) = f + 7. Let o be v(p). What is the highest common divisor of 15 and o?
15
Let v = -6 + 10. Suppose -v*a + 88 = -3*t, -62 = -2*a - t - 2*t. What is the greatest common factor of 5 and a?
5
Let w(l) be the third derivative of l**4/24 + 3*l**3/2 + 7*l**2. Let h be w(-6). Calculate the greatest common factor of h and 21.
3
Suppose 2*v = -4*c - 1506, c - 3*c = -v + 751. Let r be 2/(-3) - c/24. Calculate the greatest common divisor of r and 135.
15
Let z(f) = 2*f - 1. Let y be z(2). Let g = y - -2. Let p = -30 - -85. Calculate the greatest common divisor of g and p.
5
Let g be -1*(4/(-2) - 2). Suppose -3*t = 4*s + 26, 4*t + s + g = -9. Let i be (0 + (-5)/t)*4. Calculate the highest common divisor of 30 and i.
10
Suppose -2 = -n + 2*y + 14, -26 = -n + 4*y. Calculate the highest common divisor of n and 30.
6
Suppose -5*b + d = -41, 3*d + 7 = 2*b - 12. Calculate the greatest common divisor of 32 and b.
8
Let u be 25/10*(2 + 0). Suppose u*b = 94 + 236. Calculate the greatest common divisor of b and 6.
6
Let f(m) = -3*m - 4. Let h be f(-6). Suppose 0 = 3*c - r + 5*r + 32, 0 = -3*c + 5*r + 13. Let g = c + h. Calculate the highest common divisor of g and 90.
10
Suppose -5 = -2*d - 3. Let t = 26 - 25. What is the highest common factor of t and d?
1
Suppose 0 = 2*k - 4*r - 110, -8*k - 4*r + 196 = -4*k. Suppose 0 = -3*h - 2*p + k, 0*h + 4*p = 2*h - 34. Calculate the greatest common factor of h and 119.
17
Let j = 100 - 42. Calculate the highest common factor of j and 29.
29
Let s = 12 + -5. Calculate the greatest common divisor of 28 and s.
7
Let j(g) = 0*g + 2*g - 1 - g. Let a be j(2). Suppose -v + p = 1 + 1, 0 = -p + 3. Calculate the greatest common factor of a and v.
1
Let p be (8/12*-3)/(-1). Calculate the greatest common factor of p and 18.
2
Suppose -3*p - n = -46, -2*p + n + 0*n = -29. What is the greatest common factor of 60 and p?
15
Let g(k) = -2*k**2 + 3*k**2 - 4*k**2 + 5 - 4*k + 4*k**2. Let b be g(4). Suppose -b*a + 842 = 322. What is the greatest common factor of a and 13?
13
Let u = -22 - -94. Suppose -m + 3*l - 13 = 0, 3*m = -m - l. Let q be 9*1 - (-1)/m. Calculate the greatest common factor of u and q.
8
Let x be 66/5 - 2/10. Let n = x + -8. What is the greatest common factor of n and 15?
5
Let o be 1924/28 + (-4)/(-14). Let f = o - 47. Let r be 22/6*(4 - 1). What is the highest common factor of f and r?
11
Let p = 269 - 181. Suppose 3*o = 4*o - 11. Calculate the highest common divisor of o and p.
11
Suppose -6 = 3*u - 0*u, 4*a + 3*u = 526. Suppose 34 = 5*n - 61. What is the greatest common factor of n and a?
19
Let u be 4/(-6)*-33 + -1. Suppose -2*g = -u - 1. Calculate the highest common divisor of g and 88.
11
Suppose -6*v = -v - 350. Suppose f - 3*f - 62 = 0. Let m = -21 - f. Calculate the highest common divisor of m and v.
10
Let j(i) = -2*i**3 - 16*i**2 + 3*i + 1. Let l be j(-9). What is the highest common divisor of 17 and l?
17
Suppose 4*b + 2*t = b - 13, 0 = 4*t + 8. Let z be 1 + 4 - (b - -4). Suppose -5*v + 10 = 0, z*x = 2*x + 2*v. Calculate the greatest common factor of x and 2.
2
Let p be (-42)/(-6) - (-1